{"id":593,"date":"2017-10-01T19:19:17","date_gmt":"2017-10-01T19:19:17","guid":{"rendered":"https:\/\/import.brothersthemes.com\/nur\/?page_id=17"},"modified":"2022-03-21T14:58:17","modified_gmt":"2022-03-21T14:58:17","slug":"about","status":"publish","type":"page","link":"https:\/\/rconstruccionesmallorca.com\/index.php\/about\/","title":{"rendered":"Sobre nosotros"},"content":{"rendered":"<p>[vc_section el_class=\u00bbcity-bg\u00bb][vc_row][vc_column][nur_section_heading decoration=\u00bbline\u00bb]<\/p>\n<h2 style=\"text-align: center;\">Nuestra historia<\/h2>\n<p style=\"text-align: center;\">Reformas y Construcciones Mallorca nace en el coraz\u00f3n de Mallorca. En un principio nuestr labor se centr\u00f3 en la reforma de viviendas y en el mantenimiento de casas y piscinas de la zona de Mallorca, superando todas las expectativas marcadas<!--\/data\/user\/0\/com.samsung.android.app.notes\/files\/clipdata\/clipdata_bodytext_220320_235732_316.sdocx--><\/p>\n<p>[\/nur_section_heading][\/vc_column][\/vc_row][vc_row][vc_column width=\u00bb1\/2&#8243; offset=\u00bbvc_col-lg-5&#8243;][vc_column_text]Con nuestro dinamismo y el esp\u00edritu innovador y la vocaci\u00f3n de liderazgo que estuvieron siempre presentes. A d\u00eda de hoy, disponemos de una amplia serie de servicios y unos medios materiales y profesionales que se han ido adaptando a las necesidades que nos ha marcado nuestro r\u00e1pido crecimiento y que ir\u00e1n en aumento para consolidarnos en el mercado.<\/p>\n<p><b>La satisfacci\u00f3n de nuestros clientes es nuestra prioridad, de hecho desde los comienzos seguimos manteniendo relaciones con nuestros clientes<\/b>, tanto en lo relativo a <b>obra nueva <\/b>como en la <b>reforma <\/b>o <b>mantenimiento<\/b>\u00a0de las ya ejecutadas.<\/p>\n<p><b>Un factor diferenciador de Reformas y Construcciones Mallorca <\/b>es el<b> compromiso con nuestro cliente<\/b>, la rapidez de respuesta a sus peticiones, acomod\u00e1ndonos a sus necesidades, el trato serio, profesional y riguroso, la atenci\u00f3n humana y personalizada, nos distinguen.[\/vc_column_text][\/vc_column][vc_column width=\u00bb1\/2&#8243; offset=\u00bbvc_col-lg-offset-2 vc_col-lg-5&#8243;][vc_column_text]As\u00ed mismo, disponemos de un equipo humano de profesionales con <b>gran experiencia<\/b>, que nos permite seguir creciendo de manera sostenida y salvaguardando nuestros principios de calidad.<\/p>\n<p>Desde nuestros inicios hemos crecido abarcando diferentes necesidades de un sin fin de clientes tratando de darles unos valores comunes a todos ellos: <b>calidad, resultados y servicio <\/b>de una manera eficiente y sencilla.<\/p>\n<p>Esta filosof\u00eda nos ha llevado a consolidarnos como una empresa de largo recorrido capaz de abarcar cualquier proyecto, desde las <b>construcciones de nuevas viviendas, <\/b>pasando por las <b>reformas parciales o integrales, <\/b>hasta llegar a m\u00e1s complejas y exigentes peticiones de nuestros clientes. Abarcando asi otros servicios esenciales como el <strong>dise\u00f1o y proyecci\u00f3n<\/strong>, <strong>instalaciones el\u00e9ctricas<\/strong>, <strong>servicios de fontaner\u00eda<\/strong>, as\u00ed como las <strong>instalaciones de placas solares<\/strong>.<\/p>\n<p>Todo esto con una <b>calidad de acabados<\/b>\u00a0realmente destacable.<!--\/data\/user\/0\/com.samsung.android.app.notes\/files\/clipdata\/clipdata_bodytext_220321_000926_790.sdocx-->[\/vc_column_text][\/vc_column][\/vc_row][vc_row][vc_column][vc_single_image image=\u00bb754&#8243; img_size=\u00bb1200&#215;300&#8243; alignment=\u00bbcenter\u00bb][\/vc_column][\/vc_row][\/vc_section][vc_section el_class=\u00bbcity-bg\u00bb css=\u00bb.vc_custom_1646482131957{padding-top: 0px !important;padding-right: 0px !important;padding-bottom: 0px !important;padding-left: 0px !important;background-color: #f9f9f9 !important;}\u00bb][vc_row][vc_column width=\u00bb1\/3&#8243;][nur_feature_box icon_font=\u00bbfontawesome\u00bb icon_fontawesome=\u00bbfas fa-city\u00bb layout=\u00bblarge-icon icon-circle\u00bb]<\/p>\n<h3>Nuestra prioridad es construir cuidando el medio ambiente<\/h3>\n<p>Mauris blandit nec leo commodo volutpat. Suspendisse vulputate mi quis ornare dapibus.[\/nur_feature_box][\/vc_column][vc_column width=\u00bb1\/3&#8243;][nur_feature_box icon_font=\u00bbfontawesome\u00bb icon_fontawesome=\u00bbfas fa-recycle\u00bb layout=\u00bblarge-icon icon-circle\u00bb]<\/p>\n<h3>Nos gusta las energ\u00edas limpias, nos gusta las energ\u00edas renovables<\/h3>\n<p>Cras tortor nisl, dignissim eu gravida sit amet, lobortis eget ipsum. Phasellus in malesuada lectus.[\/nur_feature_box][\/vc_column][vc_column width=\u00bb1\/3&#8243;][nur_feature_box icon_font=\u00bbfontawesome\u00bb icon_fontawesome=\u00bbfas fa-bolt\u00bb layout=\u00bblarge-icon icon-circle\u00bb]<\/p>\n<h3>Es hora de aprovechar, el viento, el sol y el agua<\/h3>\n<p>Cras tortor nisl, dignissim eu gravida sit amet, lobortis eget ipsum. Phasellus in malesuada lectus.[\/nur_feature_box][\/vc_column][\/vc_row][vc_row][vc_column width=\u00bb1\/3&#8243;][\/vc_column][\/vc_row][\/vc_section][vc_section][vc_row][vc_column][nur_section_heading decoration=\u00bbline\u00bb]<\/p>\n<h2 style=\"text-align: center;\">Nuestras obras y proyectos<\/h2>\n<p>&nbsp;<\/p>\n<p>[\/nur_section_heading][\/vc_column][\/vc_row][vc_row][vc_column width=\u00bb1\/2&#8243; offset=\u00bbvc_col-md-3&#8243;][nur_counter_box number_text=\u00bb100+\u00bb]<\/p>\n<h6>Proyectos de jardiner\u00eda realizados<\/h6>\n<p>[\/nur_counter_box][\/vc_column][vc_column width=\u00bb1\/2&#8243; offset=\u00bbvc_col-md-3&#8243;][nur_counter_box number_text=\u00bb130+\u00bb]<\/p>\n<h6>Proyectos de fontaner\u00eda<\/h6>\n<p>[\/nur_counter_box][\/vc_column][vc_column width=\u00bb7\/12&#8243; offset=\u00bbvc_col-md-3&#8243;][nur_counter_box number_text=\u00bb180+\u00bb]<\/p>\n<h6>Proyectos realizados de construcci\u00f3n y reformas<\/h6>\n<p>[\/nur_counter_box][\/vc_column][vc_column width=\u00bb1\/2&#8243; offset=\u00bbvc_col-md-3&#8243;][nur_counter_box number_text=\u00bb96+\u00bb]<\/p>\n<h6>Proyectos de electricidad y paneles solares<\/h6>\n<p>[\/nur_counter_box][\/vc_column][\/vc_row][\/vc_section][vc_section][\/vc_section][vc_row full_width=\u00bbstretch_row_content_no_spaces\u00bb css=\u00bb.vc_custom_1647869817427{background-color: #2953a6 !important;background-position: center !important;background-repeat: no-repeat !important;background-size: cover !important;}\u00bb][vc_column][nur_cta_box button_text=\u00bbCont\u00e1ctanos\u00bb button_href=\u00bbhttps:\/\/rconstruccionesmallorca.com\/index.php\/contacts\/\u00bb button_class=\u00bbbtn-secondary btn-large\u00bb el_class=\u00bbtext-white\u00bb]<\/p>\n<h2 style=\"text-align: center;\">Aprovecha nuestra experiencia, profesionalidad y compromiso para convertir tu terreno a tu casa de sue\u00f1o<\/h2>\n<p>[\/nur_cta_box][\/vc_column][\/vc_row][vc_section css=\u00bb.vc_custom_1506539640633{background-color: #f9f9f9 !important;}\u00bb][vc_row][vc_column][nur_section_heading decoration=\u00bbline\u00bb]<\/p>\n<h2 style=\"text-align: center;\">Nuestros proveedores<\/h2>\n<p style=\"text-align: center;\">Maecenas vel pellentesque massa, vitae sollicitudin tortor. Integer eu egestas nulla, eget consectetur ex. Fusce malesuada neque a arcu luctus, id fringilla massa molestie.<\/p>\n<p>[\/nur_section_heading][\/vc_column][\/vc_row][vc_row css=\u00bb.vc_custom_1506542103664{margin-top: 20px !important;}\u00bb][vc_column][nur_logo_box image_ids=\u00bb639,638,636,635,640&#8243;][\/vc_column][\/vc_row][\/vc_section]<\/p>\n","protected":false},"excerpt":{"rendered":"<p>[vc_section el_class=\u00bbcity-bg\u00bb][vc_row][vc_column][nur_section_heading decoration=\u00bbline\u00bb] Nuestra historia Reformas y Construcciones Mallorca nace en el coraz\u00f3n de Mallorca. En un principio nuestr labor se centr\u00f3 en la reforma de viviendas y en el mantenimiento de casas y piscinas de la zona de Mallorca, superando todas las expectativas marcadas [\/nur_section_heading][\/vc_column][\/vc_row][vc_row][vc_column width=\u00bb1\/2&#8243; offset=\u00bbvc_col-lg-5&#8243;][vc_column_text]Con nuestro dinamismo y el esp\u00edritu innovador y [&hellip;]<\/p>\n","protected":false},"author":1,"featured_media":0,"parent":0,"menu_order":2,"comment_status":"closed","ping_status":"closed","template":"","meta":{"_monsterinsights_skip_tracking":false,"_monsterinsights_sitenote_active":false,"_monsterinsights_sitenote_note":"","_monsterinsights_sitenote_category":0},"_links":{"self":[{"href":"https:\/\/rconstruccionesmallorca.com\/index.php\/wp-json\/wp\/v2\/pages\/593"}],"collection":[{"href":"https:\/\/rconstruccionesmallorca.com\/index.php\/wp-json\/wp\/v2\/pages"}],"about":[{"href":"https:\/\/rconstruccionesmallorca.com\/index.php\/wp-json\/wp\/v2\/types\/page"}],"author":[{"embeddable":true,"href":"https:\/\/rconstruccionesmallorca.com\/index.php\/wp-json\/wp\/v2\/users\/1"}],"replies":[{"embeddable":true,"href":"https:\/\/rconstruccionesmallorca.com\/index.php\/wp-json\/wp\/v2\/comments?post=593"}],"version-history":[{"count":15,"href":"https:\/\/rconstruccionesmallorca.com\/index.php\/wp-json\/wp\/v2\/pages\/593\/revisions"}],"predecessor-version":[{"id":857,"href":"https:\/\/rconstruccionesmallorca.com\/index.php\/wp-json\/wp\/v2\/pages\/593\/revisions\/857"}],"wp:attachment":[{"href":"https:\/\/rconstruccionesmallorca.com\/index.php\/wp-json\/wp\/v2\/media?parent=593"}],"curies":[{"name":"wp","href":"https:\/\/api.w.org\/{rel}","templated":true}]}}

<p>[vc_section el_class=»city-bg»][vc_row][vc_column][nur_section_heading decoration=»line»]</p>
<h2 style="text-align: center;">Nuestra historia</h2>
<p style="text-align: center;">Reformas y Construcciones Mallorca nace en el corazón de Mallorca. En un principio nuestr labor se centró en la reforma de viviendas y en el mantenimiento de casas y piscinas de la zona de Mallorca, superando todas las expectativas marcadas<!--/data/user/0/com.samsung.android.app.notes/files/clipdata/clipdata_bodytext_220320_235732_316.sdocx--></p>
<p>[/nur_section_heading][/vc_column][/vc_row][vc_row][vc_column width=»1/2&#8243; offset=»vc_col-lg-5&#8243;][vc_column_text]Con nuestro dinamismo y el espíritu innovador y la vocación de liderazgo que estuvieron siempre presentes. A día de hoy, disponemos de una amplia serie de servicios y unos medios materiales y profesionales que se han ido adaptando a las necesidades que nos ha marcado nuestro rápido crecimiento y que irán en aumento para consolidarnos en el mercado.</p>
<p><b>La satisfacción de nuestros clientes es nuestra prioridad, de hecho desde los comienzos seguimos manteniendo relaciones con nuestros clientes</b>, tanto en lo relativo a <b>obra nueva </b>como en la <b>reforma </b>o <b>mantenimiento</b> de las ya ejecutadas.</p>
<p><b>Un factor diferenciador de Reformas y Construcciones Mallorca </b>es el<b> compromiso con nuestro cliente</b>, la rapidez de respuesta a sus peticiones, acomodándonos a sus necesidades, el trato serio, profesional y riguroso, la atención humana y personalizada, nos distinguen.[/vc_column_text][/vc_column][vc_column width=»1/2&#8243; offset=»vc_col-lg-offset-2 vc_col-lg-5&#8243;][vc_column_text]Así mismo, disponemos de un equipo humano de profesionales con <b>gran experiencia</b>, que nos permite seguir creciendo de manera sostenida y salvaguardando nuestros principios de calidad.</p>
<p>Desde nuestros inicios hemos crecido abarcando diferentes necesidades de un sin fin de clientes tratando de darles unos valores comunes a todos ellos: <b>calidad, resultados y servicio </b>de una manera eficiente y sencilla.</p>
<p>Esta filosofía nos ha llevado a consolidarnos como una empresa de largo recorrido capaz de abarcar cualquier proyecto, desde las <b>construcciones de nuevas viviendas, </b>pasando por las <b>reformas parciales o integrales, </b>hasta llegar a más complejas y exigentes peticiones de nuestros clientes. Abarcando asi otros servicios esenciales como el <strong>diseño y proyección</strong>, <strong>instalaciones eléctricas</strong>, <strong>servicios de fontanería</strong>, así como las <strong>instalaciones de placas solares</strong>.</p>
<p>Todo esto con una <b>calidad de acabados</b> realmente destacable.<!--/data/user/0/com.samsung.android.app.notes/files/clipdata/clipdata_bodytext_220321_000926_790.sdocx-->[/vc_column_text][/vc_column][/vc_row][vc_row][vc_column][vc_single_image image=»754&#8243; img_size=»1200&#215;300&#8243; alignment=»center»][/vc_column][/vc_row][/vc_section][vc_section el_class=»city-bg» css=».vc_custom_1646482131957{padding-top: 0px !important;padding-right: 0px !important;padding-bottom: 0px !important;padding-left: 0px !important;background-color: #f9f9f9 !important;}»][vc_row][vc_column width=»1/3&#8243;][nur_feature_box icon_font=»fontawesome» icon_fontawesome=»fas fa-city» layout=»large-icon icon-circle»]</p>
<h3>Nuestra prioridad es construir cuidando el medio ambiente</h3>
<p>Mauris blandit nec leo commodo volutpat. Suspendisse vulputate mi quis ornare dapibus.[/nur_feature_box][/vc_column][vc_column width=»1/3&#8243;][nur_feature_box icon_font=»fontawesome» icon_fontawesome=»fas fa-recycle» layout=»large-icon icon-circle»]</p>
<h3>Nos gusta las energías limpias, nos gusta las energías renovables</h3>
<p>Cras tortor nisl, dignissim eu gravida sit amet, lobortis eget ipsum. Phasellus in malesuada lectus.[/nur_feature_box][/vc_column][vc_column width=»1/3&#8243;][nur_feature_box icon_font=»fontawesome» icon_fontawesome=»fas fa-bolt» layout=»large-icon icon-circle»]</p>
<h3>Es hora de aprovechar, el viento, el sol y el agua</h3>
<p>Cras tortor nisl, dignissim eu gravida sit amet, lobortis eget ipsum. Phasellus in malesuada lectus.[/nur_feature_box][/vc_column][/vc_row][vc_row][vc_column width=»1/3&#8243;][/vc_column][/vc_row][/vc_section][vc_section][vc_row][vc_column][nur_section_heading decoration=»line»]</p>
<h2 style="text-align: center;">Nuestras obras y proyectos</h2>
<p>&nbsp;</p>
<p>[/nur_section_heading][/vc_column][/vc_row][vc_row][vc_column width=»1/2&#8243; offset=»vc_col-md-3&#8243;][nur_counter_box number_text=»100+»]</p>
<h6>Proyectos de jardinería realizados</h6>
<p>[/nur_counter_box][/vc_column][vc_column width=»1/2&#8243; offset=»vc_col-md-3&#8243;][nur_counter_box number_text=»130+»]</p>
<h6>Proyectos de fontanería</h6>
<p>[/nur_counter_box][/vc_column][vc_column width=»7/12&#8243; offset=»vc_col-md-3&#8243;][nur_counter_box number_text=»180+»]</p>
<h6>Proyectos realizados de construcción y reformas</h6>
<p>[/nur_counter_box][/vc_column][vc_column width=»1/2&#8243; offset=»vc_col-md-3&#8243;][nur_counter_box number_text=»96+»]</p>
<h6>Proyectos de electricidad y paneles solares</h6>
<p>[/nur_counter_box][/vc_column][/vc_row][/vc_section][vc_section][/vc_section][vc_row full_width=»stretch_row_content_no_spaces» css=».vc_custom_1647869817427{background-color: #2953a6 !important;background-position: center !important;background-repeat: no-repeat !important;background-size: cover !important;}»][vc_column][nur_cta_box button_text=»Contáctanos» button_href=»https://rconstruccionesmallorca.com/index.php/contacts/» button_class=»btn-secondary btn-large» el_class=»text-white»]</p>
<h2 style="text-align: center;">Aprovecha nuestra experiencia, profesionalidad y compromiso para convertir tu terreno a tu casa de sueño</h2>
<p>[/nur_cta_box][/vc_column][/vc_row][vc_section css=».vc_custom_1506539640633{background-color: #f9f9f9 !important;}»][vc_row][vc_column][nur_section_heading decoration=»line»]</p>
<h2 style="text-align: center;">Nuestros proveedores</h2>
<p style="text-align: center;">Maecenas vel pellentesque massa, vitae sollicitudin tortor. Integer eu egestas nulla, eget consectetur ex. Fusce malesuada neque a arcu luctus, id fringilla massa molestie.</p>
<p>[/nur_section_heading][/vc_column][/vc_row][vc_row css=».vc_custom_1506542103664{margin-top: 20px !important;}»][vc_column][nur_logo_box image_ids=»639,638,636,635,640&#8243;][/vc_column][/vc_row][/vc_section]</p>

<p>[vc_section el_class=»city-bg»][vc_row][vc_column][nur_section_heading decoration=»line»] Nuestra historia Reformas y Construcciones Mallorca nace en el corazón de Mallorca. En un principio nuestr labor se centró en la reforma de viviendas y en el mantenimiento de casas y piscinas de la zona de Mallorca, superando todas las expectativas marcadas [/nur_section_heading][/vc_column][/vc_row][vc_row][vc_column width=»1/2&#8243; offset=»vc_col-lg-5&#8243;][vc_column_text]Con nuestro dinamismo y el espíritu innovador y [&hellip;]</p>
